{"id":115,"date":"2019-02-20T17:42:01","date_gmt":"2019-02-20T17:42:01","guid":{"rendered":"https:\/\/fremplast.com.br\/new-site\/?page_id=115"},"modified":"2021-06-14T11:38:15","modified_gmt":"2021-06-14T11:38:15","slug":"sobre-nos","status":"publish","type":"page","link":"https:\/\/fremplast.com.br\/new-site\/sobre-nos\/","title":{"rendered":"Sobre n\u00f3s"},"content":{"rendered":"<p><strong>Sobre a Fremplast Tintas: <\/strong><\/p>\n<p>Empresa especializada na fabrica\u00e7\u00e3o de tintas para serigrafia <a href=\"https:\/\/fremplast.com.br\/produtos\/linha-base-agua\/\">base \u00e1gua<\/a>, <a href=\"https:\/\/fremplast.com.br\/produtos\/linha-plastisol\/\">plastisol<\/a>, <a href=\"https:\/\/fremplast.com.br\/produtos\/linha-solvente\/\">solvente<\/a>, <a href=\"https:\/\/fremplast.com.br\/produtos\/linha-uv\/\">ultravioleta<\/a> e al\u00e9m disso tintas para <a href=\"https:\/\/fremplast.com.br\/produtos\/linha-digital\/\">impress\u00e3o digital<\/a>.<\/p>\n<p>Em outras palavras \u00e9 uma empresa de grande porte especializada na fabrica\u00e7\u00e3o e distribui\u00e7\u00e3o de tintas, vernizes e equipamentos serigr\u00e1ficos e digitais.<\/p>\n<p>Instalada em Guarulhos-SP, com sede pr\u00f3pria de aproximadamente 8.000 m\u00b2 de \u00e1rea constru\u00edda a Fremplast \u00e9 considerada um referencial em Inova\u00e7\u00e3o e Tecnologia para o mercado t\u00eaxtil.<\/p>\n<p>Seus produtos tamb\u00e9m est\u00e3o presentes em dezenas de segmentos que abrangem todo o mercado brasileiro e Am\u00e9rica Latina.<\/p>\n<p>Os produtos Fremplast s\u00e3o fabricados com a mais alta tecnologia industrial e passam por um rigoroso controle interno em laborat\u00f3rios com equipamentos de \u00faltima gera\u00e7\u00e3o.<\/p>\n<p>Al\u00e9m disso temos um sistema de qualidade auditado pela SGS e somos certificados na Norma ISO 9001:2015 que garante maior seguran\u00e7a e credibilidade aos nossos clientes.<\/p>\n<p>Nosso parque industrial \u00e9 marca registrada de uma empresa preocupada com a sustentabilidade e o meio ambiente.<\/p>\n<p>Como resultado possu\u00edmos uma esta\u00e7\u00e3o de tratamento de efluentes e um moderno processo de separa\u00e7\u00e3o e descarte dos res\u00edduos industriais.<\/p>\n<p>Portanto se gostou, n\u00e3o deixe de acompanhar o nosso Blog e seguir a Fremplast nas redes sociais: <a href=\"https:\/\/www.facebook.com\/Fremplast\/\">Facebook<\/a>,\u00a0<a href=\"https:\/\/www.instagram.com\/fremplast\/\">Instagram<\/a>,\u00a0<a href=\"https:\/\/www.youtube.com\/channel\/UCOiNjzmQr1QKGPPNtpAU22A\">Youtube<\/a>\u00a0e\u00a0<a href=\"https:\/\/twitter.com\/fremplast\">Twitter<\/a>.<\/p>\n<h4><strong>Miss\u00e3o:<\/strong><\/h4>\n<p>Viabilizar os sonhos internos e externos com responsabilidade, criatividade e comprometimento. Nosso intuito \u00e9 garantir a satisfa\u00e7\u00e3o dos nossos clientes e colaboradores com excel\u00eancia, atrav\u00e9s da qualidade diferenciada de nossos produtos e servi\u00e7os<\/p>\n<p><strong>Vis\u00e3o:<\/strong><\/p>\n<p>Ser uma empresa geradora de tend\u00eancias e l\u00edder no mercado serigr\u00e1fico mundial que visa a total satisfa\u00e7\u00e3o dos seus clientes, sempre com princ\u00edpios \u00e9ticos e respeito ao meio ambiente.<\/p>\n<p><strong>Valores:<\/strong><\/p>\n<p>Confian\u00e7a, credibilidade e fidelidade.<\/p>\n<p><strong>Responsabilidade Social:<\/strong><\/p>\n<p>No entanto para a Fremplast ser respons\u00e1vel \u00e9 promover o desenvolvimento econ\u00f4mico, social e ambiental, pensando sempre no bem estar de todos \u00e0 sua volta e nas gera\u00e7\u00f5es futuras.<\/p>\n","protected":false},"excerpt":{"rendered":"<p>Sobre a Fremplast Tintas: Empresa especializada na fabrica\u00e7\u00e3o de tintas para serigrafia base \u00e1gua, plastisol, solvente, ultravioleta e al\u00e9m disso tintas para impress\u00e3o digital. Em outras palavras \u00e9 uma empresa de grande porte especializada na fabrica\u00e7\u00e3o e distribui\u00e7\u00e3o de tintas, vernizes e equipamentos serigr\u00e1ficos e digitais. Instalada em Guarulhos-SP, com sede pr\u00f3pria de aproximadamente 8.000 [&hellip;]<\/p>\n","protected":false},"author":1,"featured_media":358,"parent":0,"menu_order":9,"comment_status":"closed","ping_status":"closed","template":"","meta":[],"acf":[],"_links":{"self":[{"href":"https:\/\/fremplast.com.br\/new-site\/wp-json\/wp\/v2\/pages\/115"}],"collection":[{"href":"https:\/\/fremplast.com.br\/new-site\/wp-json\/wp\/v2\/pages"}],"about":[{"href":"https:\/\/fremplast.com.br\/new-site\/wp-json\/wp\/v2\/types\/page"}],"author":[{"embeddable":true,"href":"https:\/\/fremplast.com.br\/new-site\/wp-json\/wp\/v2\/users\/1"}],"replies":[{"embeddable":true,"href":"https:\/\/fremplast.com.br\/new-site\/wp-json\/wp\/v2\/comments?post=115"}],"version-history":[{"count":58,"href":"https:\/\/fremplast.com.br\/new-site\/wp-json\/wp\/v2\/pages\/115\/revisions"}],"predecessor-version":[{"id":27885,"href":"https:\/\/fremplast.com.br\/new-site\/wp-json\/wp\/v2\/pages\/115\/revisions\/27885"}],"wp:featuredmedia":[{"embeddable":true,"href":"https:\/\/fremplast.com.br\/new-site\/wp-json\/wp\/v2\/media\/358"}],"wp:attachment":[{"href":"https:\/\/fremplast.com.br\/new-site\/wp-json\/wp\/v2\/media?parent=115"}],"curies":[{"name":"wp","href":"https:\/\/api.w.org\/{rel}","templated":true}]}}